t common divisor of 1 and m?
1
Let u = -70 + 34. Let k = 72 + u. Calculate the highest common factor of k and 24.
12
Let s(c) = -c**2 + c - 2. Let m be s(-4). Let v = 67 + m. Suppose 4*o - 64 + 4 = 0. Calculate the greatest common factor of v and o.
15
Let v be 1/3*(0 - 0). Suppose v = 2*l - 4*s, -3*l + 22 + 10 = 2*s. Suppose -t + 0 + l = 0. Calculate the greatest common divisor of 20 and t.
4
Suppose 7*r = 4*r + 3, -2*q + 145 = r. What is the highest common divisor of 16 and q?
8
Let k = -14 + 33. Let o be -4 + (1 + k - -4). What is the highest common divisor of 30 and o?
10
Suppose x - l = 7, 4*x - l = -3*l + 58. Let o be -6 - (0 - (-2)/2). Let c be -2 + 1 - o - 2. Calculate the highest common factor of x and c.
4
Let g = 126 + -82. What is the highest common factor of g and 4?
4
Let u be (-72)/(-10)*(-2 - -7). Let v = -9 - -13. Suppose -v*w + u = -2*w. What is the greatest common factor of w and 45?
9
Suppose 2*s + 3*s - 4*g = 43, 20 = 2*s - 3*g. Let w(a) = 2*a + 1. Let o be w(1). Let l be (o + -2 - 1) + 49. What is the highest common factor of l and s?
7
Let q = 97 - 93. Calculate the greatest common factor of q and 12.
4
Suppose 3*x - 291 = -75. Calculate the greatest common factor of 24 and x.
24
Let u = -31 - -143. Calculate the highest common divisor of 14 and u.
14
Let m(k) = 2*k**2 - 28*k - 20. Let p be m(15). Let g be 28/3 + 2/3. What is the highest common divisor of g and p?
10
Let s be (-5 - -8)*(-2)/(-12)*14. What is the greatest common factor of 7 and s?
7
Let p(n) = n**3 - 10*n**2 - 9*n + 3. Suppose -4*s = s - 55. Let c be p(s). Calculate the highest common factor of c and 5.
5
Suppose -3*f + 23 = -1. Let m(a) = a + 7. Let g be m(-6). Let h be 255/4 + g/4. What is the greatest common factor of h and f?
8
Let a be (2 + -1)*(-12 - -2). Let q be 231/15 + 4/a. Calculate the highest common divisor of q and 15.
15
Let f(g) = g + 5. Let t be f(6). Suppose 0*m = -m + t. Suppose -9 = -o + m. What is the greatest common divisor of 10 and o?
10
Let q be (8/6)/(2/12). Let t(z) = -13*z + 1. Suppose -6*a + 2*a = 12. Let r be t(a). What is the greatest common factor of q and r?
8
Suppose 5*q - 15 = 0, -739 - 8 = -4*m - q. Let t = m - 87. What is the highest common factor of 9 and t?
9
Let z = -8 + 8. Suppose 2*l - 56 = -z*l. Calculate the greatest common factor of l and 70.
14
Suppose 3*y = 4*t - 182, 5*t - 2*y - 218 = -3*y. Suppose 0 = k + 1. Let u(x) = -10*x + 1. Let n be u(k). What is the highest common factor of t and n?
11
Suppose 46 - 10 = 3*b. Let u = 20 + -8. Calculate the greatest common factor of b and u.
12
Let d = -13 + 31. What is the greatest common factor of d and 9?
9
Let z be 29 + (-4)/6*3. Let y be 3*(-2)/(-9) + (-156)/(-9). Calculate the highest common divisor of y and z.
9
Suppose -4*z - 15 = -47. Calculate the highest common factor of z and 24.
8
Let v be -3*((-44)/12 - -3). Suppose -3*h + 42 = 4*t + 4, 4*t = v*h + 8. Calculate the greatest common divisor of 4 and h.
2
Let c = 25 + -37. Let k = c - -22. Calculate the greatest common factor of 10 and k.
10
Let v be (-4 - -4) + (28 - 2). Let p be 3 + (-6 - -2) + 1. Suppose p = 2*l + 3*l - 195. What is the highest common divisor of l and v?
13
Let j(m) = -m**2 - 7*m - 2. Let y be j(-5). Let x be 1/4 - (-38)/y. Let u be 0 + (x - 1/1). Calculate the greatest common factor of 4 and u.
4
Let u be (-6)/8*-28*5. Let o = 21 - 16. Suppose o*y - 54 - 156 = 0. Calculate the greatest common divisor of u and y.
21
Let b = 304 + -96. What is the greatest common factor of 52 and b?
52
Let u(w) = 44*w - 2. Let g be u(2). Suppose 5*s = -6 + g. What is the highest common divisor of 32 and s?
16
Let k = 1 + 3. Suppose k*y - 69 = 51. Calculate the highest common factor of y and 12.
6
Let b(x) = -x + 5. Let g be b(-5). Suppose -5*l = -8*l + 6. Suppose -l*v - 2*v + 8 = 0. What is the highest common divisor of g and v?
2
Let o(c) = 259*c**3 - c**2 + 2. Let m be o(1). Calculate the highest common divisor of m and 52.
52
Let s = -738 - -134. Let c = -431 - s. Let w = -101 + c. Calculate the greatest common divisor of w and 9.
9
Suppose -2*t - 12 = -2*i, -2*i = 4*t - 0*t + 6. Suppose -i*r = r. Suppose 3*q - 7*q + 48 = r. Calculate the highest common divisor of 48 and q.
12
Let x(h) = 2*h**3 + 9*h**2 + 7*h + 1. Let p be x(-6). Let z = p - -101. Let l be ((-33)/(-9))/((-2)/z). What is the highest common divisor of 8 and l?
8
Let s(f) = f**2 + 10*f - 11. Let u be s(-11). Let j = u - -16. Suppose 9 = -3*c, c = 3*o - 0*c - 243. What is the highest common factor of j and o?
16
Let n = 10 - 9. Let s(r) = 12*r**3 + r**2 - r + 1. Let t be s(n). Calculate the highest common factor of t and 52.
13
Let v(x) = x**2 - 2*x + 9. Let a be v(9). Calculate the greatest common factor of 8 and a.
8
Let j be -4 - (-10 + 5) - -5. What is the highest common factor of j and 48?
6
Let x be 1/(2/30 + 0). Suppose -5*q + 10 = -x. What is the highest common divisor of q and 55?
5
Suppose 0 = 4*x - 5*x - j + 7, 2*x + j = 17. Suppose z - 31 = 18. Suppose -4*v + z = -191. Calculate the highest common factor of x and v.
10
Suppose 6 = -3*x + 5*x. Suppose -2*v - 7 = -x*s, -3*s = -2*v - 5*s + 18. Calculate the highest common divisor of v and 44.
4
Suppose 5*h - 600 = -0*h. Suppose 4*o + 0*j - 58 = 2*j, 3*o = -j + 46. Calculate the greatest common divisor of h and o.
15
Let l(i) = -i - 1. Let a(t) = 2*t + 5. Let c(f) = -a(f) - 4*l(f). Let g be c(2). Calculate the highest common divisor of g and 3.
3
Suppose -2*s - 3*s + 3*k = -20, -2*s + 4*k - 6 = 0. What is the greatest common divisor of s and 7?
7
Let g be (-15 + 9)/((-3)/8). What is the highest common divisor of g and 4?
4
Suppose 153 = 4*x + 3*d, -4*x + 71 + 79 = 2*d. What is the greatest common factor of x and 18?
18
Suppose 7*n = 6*n + 12. Let o(z) = -z**2 + 12. Let h be o(0). Calculate the greatest common divisor of h and n.
12
Let z = 10 + -2. What is the greatest common divisor of 16 and z?
8
Suppose 4*z - 8*z + 4 = 0. Let d be (-6)/(-3) + (3 - z). What is the highest common factor of d and 28?
4
Let m(s) = -3*s - 20. Let y be m(-10). Calculate the highest common divisor of 40 and y.
10
Suppose 4*m - 4*x = 36, -m = -0*m + x - 11. Calculate the highest common factor of 10 and m.
10
Let m = 6 - 9. Let n be (-12 - -1)*m/3. Let x = 98 - 54. What is the highest common factor of n and x?
11
Let w(m) = m**2 + 4*m - 19. Let i be w(-12). What is the highest common divisor of i and 11?
11
Suppose 0 = -0*n + 5*n. Suppose 3*v - 36 - 9 = n. What is the highest common factor of 105 and v?
15
Suppose 0 = -a, -5*f + 4*a + 23 = -7. Suppose 5*v - 63 = 4*n - 11, v = 4*n + 4. What is the greatest common factor of v and f?
6
Suppose -2*s = -5*t - 57, -2*s - t = -26 - 25. Calculate the greatest common divisor of 65 and s.
13
Suppose -19 = -5*d + 6. Let p(m) = -3 + 11*m - 3*m**3 + 6*m**2 + 0 - 5 + 2*m**3. Let l be p(7). Calculate the greatest common divisor of d and l.
5
Suppose 0 = x - 2*x + 25. Let o be ((-10)/5)/((-1)/x). What is the greatest common factor of o and 20?
10
Let x(n) = n**2 + n + 2. Suppose 2*w = w. Let a be x(w). Calculate the highest common divisor of 3 and a.
1
Let f be 90 - 9 - 1*-2. Let r = f + -53. Let o be (0 + -1)*(-74 - 1). What is the greatest common factor of o and r?
15
Let s be ((-21)/35)/((-1)/35). What is the greatest common divisor of 105 and s?
21
Let w = 138 - 238. Let o be (6/(-5))/(3/w). What is the greatest common divisor of o and 100?
20
Let d = 8 + -4. Let q be 10*(-3)/(-8)*d. Let k be 1644/q + 2/5. What is the greatest common factor of 10 and k?
10
Let k = 74 - 59. What is the highest common factor of 5 and k?
5
Suppose 189 = -0*p + p. Suppose -u = 3*u + 144. Let b = 57 + u. What is the highest common factor of b and p?
21
Let q(h) = h**2 - 9*h + 14. Let r be q(9). Let v = 3 - 1. What is the greatest common factor of r and v?
2
Let x be -10*(0 + 2 - 3). Suppose 458 = 4*b + 5*t - x, 0 = 3*b + 2*t - 344. Let s be (-392)/(-24) + (-2)/6. Calculate the highest common factor of s and b.
16
Let f(t) = 3*t**2 + 4*t + 29. Let i be f(-12). What is the highest common factor of i and 59?
59
Let g = 30 + -7. Let z = g + -5. What is the highest common factor of z and 54?
18
Suppose 0*y = -2*y + 3*m + 56, 2*m = -4*y + 128. What is the highest common divisor of 279 and 